{"id":1084,"date":"2020-07-22T17:05:16","date_gmt":"2020-07-22T15:05:16","guid":{"rendered":"http:\/\/deloin.fr\/blog\/?page_id=1084"},"modified":"2020-10-21T15:58:34","modified_gmt":"2020-10-21T13:58:34","slug":"lettre-de-motivation","status":"publish","type":"page","link":"http:\/\/deloin.fr\/blog\/lettre-de-motivation\/","title":{"rendered":"Lettre de motivation, quels \u00e9l\u00e9ments sont importants ?"},"content":{"rendered":"\n<blockquote class=\"wp-block-quote is-layout-flow wp-block-quote-is-layout-flow\"><p><a href=\"http:\/\/deloin.fr\/blog\/wp-content\/uploads\/2020\/07\/lettre-motivation-tourneur-fraiseur-debutant.docx\">http:\/\/deloin.fr\/blog\/wp-content\/uploads\/2020\/07\/lettre-motivation-tourneur-fraiseur-debutant.docx<\/a><\/p><cite>exemple de lettre de motivation pour une p\u00e9riode d&rsquo;application en entreprise \u00e0 t\u00e9l\u00e9charger<\/cite><\/blockquote>\n\n\n\n<h2 class=\"wp-block-heading\">3 \u00e9l\u00e9ments pour une lettre de motivation<\/h2>\n\n\n\n<h3 class=\"wp-block-heading\">moi le candidat : qui peut vous apporter des comp\u00e9tences pr\u00e9cises<\/h3>\n\n\n\n<p>Comme je suis titulaire d\u2019un Titre professionnel de fraiseur depuis septembre 2020, je pense correspondre au profil que vous recherchez.  J&rsquo;ai effectu\u00e9 une p\u00e9riode d&rsquo;application en tant que fraiseur dans l&rsquo;entreprise XXX pendant ma formation. <\/p>\n\n\n\n<p>Vigilance et rigueur sont mes mots d\u2019ordres afin d\u2019\u00e9viter tout accident de travail et aussi pour pouvoir finir les missions avec la qualit\u00e9 n\u00e9cessaire.<\/p>\n\n\n\n<h3 class=\"wp-block-heading\">vous l&rsquo;entreprise : dont j&rsquo;ai pris le temps de rechercher les activit\u00e9s <\/h3>\n\n\n\n<p>J&rsquo;ai regard\u00e9 le site de votre entreprise. Le secteur industriel dans lequel elle s&rsquo;int\u00e8gre para\u00eet tr\u00e8s int\u00e9ressant. (D\u00e9crire pr\u00e9cis\u00e9ment une activit\u00e9 de l&rsquo;entreprise pour montrer que vous vous \u00eates renseign\u00e9).<\/p>\n\n\n\n<h3 class=\"wp-block-heading\">nous la collaboration : qu&rsquo;est ce que je peux vous apporter ?<\/h3>\n\n\n\n<p> C\u2019est dans ce cadre que j\u2019ai l\u2019honneur de vous pr\u00e9senter ma candidature pour le poste de tourneur fraiseur dont j&rsquo;ai vu l&rsquo;offre sur le site de votre entreprise. (L\u00e0 aussi \u00eatre pr\u00e9cis sur la nature de ce que vous pouvez apporter \u00e0 l&rsquo;entreprise).<\/p>\n\n\n\n<blockquote class=\"wp-block-quote is-layout-flow wp-block-quote-is-layout-flow\"><p><a href=\"http:\/\/www.onisep.fr\/Cap-vers-l-emploi\/Recherche-d-emploi\/La-lettre-de-motivation-les-regles-de-base\">http:\/\/www.onisep.fr\/Cap-vers-l-emploi\/Recherche-d-emploi\/La-lettre-de-motivation-les-regles-de-base<\/a><\/p><cite>les r\u00e8gles de base de la lettre de motivation<\/cite><\/blockquote>\n\n\n\n<h2 class=\"wp-block-heading\">Les sites pour \u00eatre aid\u00e9<\/h2>\n\n\n\n<blockquote class=\"wp-block-quote is-layout-flow wp-block-quote-is-layout-flow\"><p><a rel=\"noreferrer noopener\" aria-label=\" (s\u2019ouvre dans un nouvel onglet)\" href=\"https:\/\/www.journaldunet.fr\/management\/guide-du-management\/1200843-voici-comment-reussir-sa-lettre-de-motivation\/#:~:text=Il%20est%20ainsi%20possible%20de,%C3%A9viter%20les%20phrases%20toutes%20faites.\" target=\"_blank\">https:\/\/www.journaldunet.fr\/management\/guide-du-management\/1200843-voici-comment-reussir-sa-lettre-de-motivation\/#:~:text=Il%20est%20ainsi%20possible%20de,%C3%A9viter%20les%20phrases%20toutes%20faites.<\/a><\/p><cite>R\u00e9ussir sa lettre de motivation<\/cite><\/blockquote>\n\n\n\n<blockquote class=\"wp-block-quote is-layout-flow wp-block-quote-is-layout-flow\"><p><a rel=\"noreferrer noopener\" aria-label=\" (s\u2019ouvre dans un nouvel onglet)\" href=\"https:\/\/www.pole-emploi.fr\/candidat\/vos-recherches\/preparer-votre-candidature\/10-astuces-pour-ecrire-votre-let.html\" target=\"_blank\">https:\/\/www.pole-emploi.fr\/candidat\/vos-recherches\/preparer-votre-candidature\/10-astuces-pour-ecrire-votre-let.html<\/a><\/p><cite>10 astuces pour \u00e9crire sa lettre<\/cite><\/blockquote>\n\n\n\n<blockquote class=\"wp-block-quote is-layout-flow wp-block-quote-is-layout-flow\"><p><a rel=\"noreferrer noopener\" aria-label=\" (s\u2019ouvre dans un nouvel onglet)\" href=\"http:\/\/etudiant.aujourdhui.fr\/etudiant\/info\/exemple-de-lettre-de-motivation-pour-un-emploi-classique.html\" target=\"_blank\">http:\/\/etudiant.aujourdhui.fr\/etudiant\/info\/exemple-de-lettre-de-motivation-pour-un-emploi-classique.html<\/a><\/p><cite>Exemple type de lettre de motivation simple<\/cite><\/blockquote>\n\n\n\n<blockquote class=\"wp-block-quote is-layout-flow wp-block-quote-is-layout-flow\"><p><a href=\"http:\/\/etudiant.aujourdhui.fr\/etudiant\/info\/les-regles-d-or-de-la-lettre-de-motivation.html\">http:\/\/etudiant.aujourdhui.fr\/etudiant\/info\/les-regles-d-or-de-la-lettre-de-motivation.html<\/a><\/p><cite>Quelques r\u00e8gles de r\u00e9daction<\/cite><\/blockquote>\n\n\n\n<h2 class=\"wp-block-heading\">Et le mail de motivation ?<\/h2>\n\n\n\n<blockquote class=\"wp-block-quote is-layout-flow wp-block-quote-is-layout-flow\"><p><a href=\"https:\/\/www.cadremploi.fr\/editorial\/conseils\/conseils-candidature\/lettre-de-motivation\/detail\/article\/comment-rediger-un-mail-de-motivation.html\">https:\/\/www.cadremploi.fr\/editorial\/conseils\/conseils-candidature\/lettre-de-motivation\/detail\/article\/comment-rediger-un-mail-de-motivation.html<\/a><\/p><cite>Comment r\u00e9diger un mail de motivation ?<\/cite><\/blockquote>\n","protected":false},"excerpt":{"rendered":"<p>http:\/\/deloin.fr\/blog\/wp-content\/uploads\/2020\/07\/lettre-motivation-tourneur-fraiseur-debutant.docx exemple de lettre de motivation pour une p\u00e9riode d&rsquo;application en entreprise \u00e0 t\u00e9l\u00e9charger 3 \u00e9l\u00e9ments pour une lettre de &hellip; <a href=\"http:\/\/deloin.fr\/blog\/lettre-de-motivation\/\" class=\"more-link\">Continuer la lecture<span class=\"screen-reader-text\"> de &laquo;&nbsp;Lettre de motivation, quels \u00e9l\u00e9ments sont importants ?&nbsp;&raquo;<\/span><\/a><\/p>\n","protected":false},"author":1,"featured_media":0,"parent":0,"menu_order":0,"comment_status":"closed","ping_status":"closed","template":"","meta":{"_bbp_topic_count":0,"_bbp_reply_count":0,"_bbp_total_topic_count":0,"_bbp_total_reply_count":0,"_bbp_voice_count":0,"_bbp_anonymous_reply_count":0,"_bbp_topic_count_hidden":0,"_bbp_reply_count_hidden":0,"_bbp_forum_subforum_count":0,"footnotes":""},"class_list":["post-1084","page","type-page","status-publish","hentry"],"_links":{"self":[{"href":"http:\/\/deloin.fr\/blog\/wp-json\/wp\/v2\/pages\/1084","targetHints":{"allow":["GET"]}}],"collection":[{"href":"http:\/\/deloin.fr\/blog\/wp-json\/wp\/v2\/pages"}],"about":[{"href":"http:\/\/deloin.fr\/blog\/wp-json\/wp\/v2\/types\/page"}],"author":[{"embeddable":true,"href":"http:\/\/deloin.fr\/blog\/wp-json\/wp\/v2\/users\/1"}],"replies":[{"embeddable":true,"href":"http:\/\/deloin.fr\/blog\/wp-json\/wp\/v2\/comments?post=1084"}],"version-history":[{"count":14,"href":"http:\/\/deloin.fr\/blog\/wp-json\/wp\/v2\/pages\/1084\/revisions"}],"predecessor-version":[{"id":1179,"href":"http:\/\/deloin.fr\/blog\/wp-json\/wp\/v2\/pages\/1084\/revisions\/1179"}],"wp:attachment":[{"href":"http:\/\/deloin.fr\/blog\/wp-json\/wp\/v2\/media?parent=1084"}],"curies":[{"name":"wp","href":"https:\/\/api.w.org\/{rel}","templated":true}]}}