{"id":1254,"date":"2022-01-18T17:31:49","date_gmt":"2022-01-18T16:31:49","guid":{"rendered":"http:\/\/deloin.fr\/blog\/?page_id=1254"},"modified":"2022-01-18T17:31:49","modified_gmt":"2022-01-18T16:31:49","slug":"lexique","status":"publish","type":"page","link":"http:\/\/deloin.fr\/blog\/lexique\/","title":{"rendered":"Lexique"},"content":{"rendered":"<a name='name_directory_position2'><\/a><h3 class='name_directory_title'>dispositifs formations\/emplois<\/h3><div class=\"name_directory_index\"><a class=\"name_directory_startswith\" href=\"http:\/\/deloin.fr\/blog\/lexique\/?dir=2&name_directory_startswith=#name_directory_position2\">Tous<\/a> | <a class=\"name_directory_startswith  name_directory_empty\" href=\"http:\/\/deloin.fr\/blog\/lexique\/?dir=2&name_directory_startswith=%23#name_directory_position2\">#<\/a>  <a class=\"name_directory_startswith \" href=\"http:\/\/deloin.fr\/blog\/lexique\/?dir=2&name_directory_startswith=A#name_directory_position2\">A<\/a>  <a class=\"name_directory_startswith  name_directory_empty\" href=\"http:\/\/deloin.fr\/blog\/lexique\/?dir=2&name_directory_startswith=B#name_directory_position2\">B<\/a>  <a class=\"name_directory_startswith \" href=\"http:\/\/deloin.fr\/blog\/lexique\/?dir=2&name_directory_startswith=C#name_directory_position2\">C<\/a>  <a class=\"name_directory_startswith  name_directory_empty\" href=\"http:\/\/deloin.fr\/blog\/lexique\/?dir=2&name_directory_startswith=D#name_directory_position2\">D<\/a>  <a class=\"name_directory_startswith  name_directory_empty\" href=\"http:\/\/deloin.fr\/blog\/lexique\/?dir=2&name_directory_startswith=E#name_directory_position2\">E<\/a>  <a class=\"name_directory_startswith  name_directory_empty\" href=\"http:\/\/deloin.fr\/blog\/lexique\/?dir=2&name_directory_startswith=F#name_directory_position2\">F<\/a>  <a class=\"name_directory_startswith  name_directory_empty\" href=\"http:\/\/deloin.fr\/blog\/lexique\/?dir=2&name_directory_startswith=G#name_directory_position2\">G<\/a>  <a class=\"name_directory_startswith  name_directory_empty\" href=\"http:\/\/deloin.fr\/blog\/lexique\/?dir=2&name_directory_startswith=H#name_directory_position2\">H<\/a>  <a class=\"name_directory_startswith \" href=\"http:\/\/deloin.fr\/blog\/lexique\/?dir=2&name_directory_startswith=I#name_directory_position2\">I<\/a>  <a class=\"name_directory_startswith  name_directory_empty\" href=\"http:\/\/deloin.fr\/blog\/lexique\/?dir=2&name_directory_startswith=J#name_directory_position2\">J<\/a>  <a class=\"name_directory_startswith  name_directory_empty\" href=\"http:\/\/deloin.fr\/blog\/lexique\/?dir=2&name_directory_startswith=K#name_directory_position2\">K<\/a>  <a class=\"name_directory_startswith  name_directory_empty\" href=\"http:\/\/deloin.fr\/blog\/lexique\/?dir=2&name_directory_startswith=L#name_directory_position2\">L<\/a>  <a class=\"name_directory_startswith  name_directory_empty\" href=\"http:\/\/deloin.fr\/blog\/lexique\/?dir=2&name_directory_startswith=M#name_directory_position2\">M<\/a>  <a class=\"name_directory_startswith  name_directory_empty\" href=\"http:\/\/deloin.fr\/blog\/lexique\/?dir=2&name_directory_startswith=N#name_directory_position2\">N<\/a>  <a class=\"name_directory_startswith  name_directory_empty\" href=\"http:\/\/deloin.fr\/blog\/lexique\/?dir=2&name_directory_startswith=O#name_directory_position2\">O<\/a>  <a class=\"name_directory_startswith  name_directory_empty\" href=\"http:\/\/deloin.fr\/blog\/lexique\/?dir=2&name_directory_startswith=P#name_directory_position2\">P<\/a>  <a class=\"name_directory_startswith  name_directory_empty\" href=\"http:\/\/deloin.fr\/blog\/lexique\/?dir=2&name_directory_startswith=Q#name_directory_position2\">Q<\/a>  <a class=\"name_directory_startswith  name_directory_empty\" href=\"http:\/\/deloin.fr\/blog\/lexique\/?dir=2&name_directory_startswith=R#name_directory_position2\">R<\/a>  <a class=\"name_directory_startswith  name_directory_empty\" href=\"http:\/\/deloin.fr\/blog\/lexique\/?dir=2&name_directory_startswith=S#name_directory_position2\">S<\/a>  <a class=\"name_directory_startswith  name_directory_empty\" href=\"http:\/\/deloin.fr\/blog\/lexique\/?dir=2&name_directory_startswith=T#name_directory_position2\">T<\/a>  <a class=\"name_directory_startswith  name_directory_empty\" href=\"http:\/\/deloin.fr\/blog\/lexique\/?dir=2&name_directory_startswith=U#name_directory_position2\">U<\/a>  <a class=\"name_directory_startswith  name_directory_empty\" href=\"http:\/\/deloin.fr\/blog\/lexique\/?dir=2&name_directory_startswith=V#name_directory_position2\">V<\/a>  <a class=\"name_directory_startswith  name_directory_empty\" href=\"http:\/\/deloin.fr\/blog\/lexique\/?dir=2&name_directory_startswith=W#name_directory_position2\">W<\/a>  <a class=\"name_directory_startswith  name_directory_empty\" href=\"http:\/\/deloin.fr\/blog\/lexique\/?dir=2&name_directory_startswith=X#name_directory_position2\">X<\/a>  <a class=\"name_directory_startswith  name_directory_empty\" href=\"http:\/\/deloin.fr\/blog\/lexique\/?dir=2&name_directory_startswith=Y#name_directory_position2\">Y<\/a>  <a class=\"name_directory_startswith  name_directory_empty\" href=\"http:\/\/deloin.fr\/blog\/lexique\/?dir=2&name_directory_startswith=Z#name_directory_position2\">Z<\/a>  | <a href='http:\/\/deloin.fr\/blog\/lexique\/?dir=2&show_submitform=true'>Envoyer un d\u00e9finition<\/a><br \/><form role='search' method='get' action='#name_directory_position2'><input type='search' autocomplete='off' aria-description='Directory names below will match your searchcriteria after submit' name='name-directory-search-value' id='name-directory-search-input-box' placeholder='Rechercher\u2026' \/><input type='hidden' name='dir' value='2' \/><input type='submit' id='name-directory-search-input-button' value='Rechercher' \/><\/form><\/div><div class=\"name_directory_total\">Il y a actuellement 6 d\u00e9finitions dans ce r\u00e9pertoire<\/div><div class=\"name_directory_names\"><div class=\"name_directory_column name_directory_nr1\"><div class=\"name_directory_character_header\">A<\/div><hr \/><div class=\"name_directory_name_box\"><a name=\"namedirectory_AFPRActiondeFormationPralableauRecrutement\"><\/a><strong role=\"term\">AFPR : Action de Formation Pr\u00e9alable au Recrutement<\/strong><br><div role=\"definition\">L'AFPR est une aide financi\u00e8re permettant au demandeur d'emploi de se former pour r\u00e9pondre \u00e0 une offre d'emploi pour laquelle il lui manque des comp\u00e9tences. Cette aide peut \u00eatre attribu\u00e9e \u00e0 l'employeur rencontrant des difficult\u00e9s de recrutement. L'employeur s'engage \u00e0 former un demandeur d'emploi ou un salari\u00e9 en contrat d'insertion et \u00e0 le recruter en fin de formation.<\/div><\/div><hr \/><div class=\"name_directory_name_box\"><a name=\"namedirectory_Alternance\"><\/a><strong role=\"term\">Alternance<\/strong><br><div role=\"definition\">Magellan - <a href=\"https:\/\/www.apprentissage-nouvelle-aquitaine.info\/#\">Bourse de l'alternance<\/a> - <a href=\"https:\/\/www.cap-metiers.pro\/pages\/142\/Apprentissage-contrats-professionnalisation.aspx\">Cap M\u00e9tier<\/a> - <a href=\"https:\/\/labonnealternance.pole-emploi.fr\/\">La bonne alternance<\/a><\/div><\/div><hr \/><div class=\"name_directory_character_header\">C<\/div><hr \/><div class=\"name_directory_name_box\"><a name=\"namedirectory_CAPmtiersNouvelleAquitaine\"><\/a><strong role=\"term\">CAP m\u00e9tiers Nouvelle Aquitaine<\/strong><br><div role=\"definition\"><a href=\"https:\/\/www.cap-metiers.fr\/\">site CAPM\u00e9tier<\/a> \r\nCr\u00e9\u00e9e en 2018 par la R\u00e9gion Nouvelle-Aquitaine, avec l\u2019appui de l\u2019Etat et de l\u2019ensemble des partenaires sociaux \u00e9conomiques r\u00e9gionaux, Cap M\u00e9tiers a pour vocation de :\r\nvous informer sur l\u2019orientation, la formation, l\u2019emploi et les m\u00e9tiers,\r\nvous apporter des r\u00e9ponses personnalis\u00e9es, vous guider vers les outils, vous accompagner dans vos d\u00e9marches, ou vous r\u00e9orienter vers le(la) professionnel(le) qui saura vous apporter la bonne r\u00e9ponse en fonction de votre cas.<\/div><\/div><hr \/><div class=\"name_directory_name_box\"><a name=\"namedirectory_Coronavirusetlemondedutravail\"><\/a><strong role=\"term\">Coronavirus et le monde du travail<\/strong><br><div role=\"definition\"><a href=\"https:\/\/travail-emploi.gouv.fr\/le-ministere-en-action\/coronavirus-covid-19\/\">https:\/\/travail-emploi.gouv.fr\/le-ministere-en-action\/coronavirus-covid-19\/<\/a> <\/div><\/div><hr \/><div class=\"name_directory_character_header\">I<\/div><hr \/><div class=\"name_directory_name_box\"><a name=\"namedirectory_IAEInsertionparlActivitEconomique\"><\/a><strong role=\"term\">IAE Insertion par l'Activit\u00e9 Economique<\/strong><br><div role=\"definition\">\u00ab L\u2019insertion par l\u2019activit\u00e9 \u00e9conomique a pour objet de permettre \u00e0 des personnes sans emploi, rencontrant des difficult\u00e9s sociales et professionnelles particuli\u00e8res, de b\u00e9n\u00e9ficier de contrats de travail en vue de faciliter leur insertion professionnelle. Elle met en \u0153uvre des modalit\u00e9s sp\u00e9cifiques d\u2019accueil et d\u2019accompagnement \u00bb. Informations :  https:\/\/travail-emploi.gouv.fr\/<\/div><\/div><hr \/><div class=\"name_directory_name_box\"><a name=\"namedirectory_INAEAgirEnsemblepourlinsertionparlactivitconomique\"><\/a><strong role=\"term\">INAE : Agir Ensemble pour l'insertion par l'activit\u00e9 \u00e9conomique<\/strong><br><div role=\"definition\"><a href=\"https:\/\/www.inae-nouvelleaquitaine.org\/\">site de l'INAE avec annuaire des structures<\/a><\/div><\/div><\/div><\/div><br \/><br \/>\r\n              <a href='http:\/\/deloin.fr\/blog\/lexique\/?dir=2&show_submitform=true' \r\n                    class='name_directory_submit_bottom_link'>Envoyer un d\u00e9finition<\/a><style>\r\n        .name_directory_readmore_state ~ .name_directory_readmore_trigger:before {\r\n            content: '... Afficher plus';\r\n        }\r\n       \r\n        .name_directory_readmore_state:checked ~ .name_directory_readmore_trigger:before {\r\n            content: 'Afficher moins';\r\n        }\r\n        <\/style>\n","protected":false},"excerpt":{"rendered":"","protected":false},"author":1,"featured_media":0,"parent":0,"menu_order":0,"comment_status":"closed","ping_status":"closed","template":"","meta":{"_bbp_topic_count":0,"_bbp_reply_count":0,"_bbp_total_topic_count":0,"_bbp_total_reply_count":0,"_bbp_voice_count":0,"_bbp_anonymous_reply_count":0,"_bbp_topic_count_hidden":0,"_bbp_reply_count_hidden":0,"_bbp_forum_subforum_count":0,"footnotes":""},"class_list":["post-1254","page","type-page","status-publish","hentry"],"_links":{"self":[{"href":"http:\/\/deloin.fr\/blog\/wp-json\/wp\/v2\/pages\/1254","targetHints":{"allow":["GET"]}}],"collection":[{"href":"http:\/\/deloin.fr\/blog\/wp-json\/wp\/v2\/pages"}],"about":[{"href":"http:\/\/deloin.fr\/blog\/wp-json\/wp\/v2\/types\/page"}],"author":[{"embeddable":true,"href":"http:\/\/deloin.fr\/blog\/wp-json\/wp\/v2\/users\/1"}],"replies":[{"embeddable":true,"href":"http:\/\/deloin.fr\/blog\/wp-json\/wp\/v2\/comments?post=1254"}],"version-history":[{"count":1,"href":"http:\/\/deloin.fr\/blog\/wp-json\/wp\/v2\/pages\/1254\/revisions"}],"predecessor-version":[{"id":1255,"href":"http:\/\/deloin.fr\/blog\/wp-json\/wp\/v2\/pages\/1254\/revisions\/1255"}],"wp:attachment":[{"href":"http:\/\/deloin.fr\/blog\/wp-json\/wp\/v2\/media?parent=1254"}],"curies":[{"name":"wp","href":"https:\/\/api.w.org\/{rel}","templated":true}]}}