{"id":998,"date":"2020-03-18T19:12:59","date_gmt":"2020-03-18T18:12:59","guid":{"rendered":"http:\/\/deloin.fr\/blog\/?page_id=998"},"modified":"2022-06-14T17:13:05","modified_gmt":"2022-06-14T15:13:05","slug":"les-outils-pour-le-teletravail","status":"publish","type":"page","link":"http:\/\/deloin.fr\/blog\/les-outils-pour-le-teletravail\/","title":{"rendered":"Des outils pour le t\u00e9l\u00e9travail"},"content":{"rendered":"\n<p class=\"has-medium-font-size\">Un t\u00e9l\u00e9travailleur est souvent seul, il doit g\u00e9rer son propre temps de production et avoir plusieurs logiciels ouverts simultan\u00e9ment. Il doit organiser ses activit\u00e9s avec des alertes et travailler en temps limit\u00e9. Il doit toujours pouvoir r\u00e9pondre \u00e0 des sollicitations ext\u00e9rieures via les mails et le smartphone. Mais il doit travailler avec des priorit\u00e9s bien d\u00e9termin\u00e9es, prioriser est sa pens\u00e9e principale.<\/p>\n\n\n\n<h4 class=\"wp-block-heading\">Discord : une plateforme d&rsquo;\u00e9changes en ligne<\/h4>\n\n\n\n<p>Il y a beaucoup de services. Il y a <a rel=\"noreferrer noopener\" aria-label=\"Skype (s\u2019ouvre dans un nouvel onglet)\" href=\"https:\/\/www.skype.com\/fr\/\" target=\"_blank\">Skype<\/a> et <a rel=\"noreferrer noopener\" aria-label=\"Hangout (s\u2019ouvre dans un nouvel onglet)\" href=\"https:\/\/chrome.google.com\/webstore\/detail\/google-hangouts\/knipolnnllmklapflnccelgolnpehhpl?hl=fr\" target=\"_blank\">Hangout<\/a> pour Chrome. Il y a <a rel=\"noreferrer noopener\" aria-label=\"Zoom (s\u2019ouvre dans un nouvel onglet)\" href=\"https:\/\/zoom.us\/fr-fr\/meetings.html\" target=\"_blank\">Zoom<\/a> gratuit et Microsoft Team payant. Il y a des r\u00e9seaux sociaux comme <a rel=\"noreferrer noopener\" aria-label=\"WhatsApp (s\u2019ouvre dans un nouvel onglet)\" href=\"https:\/\/faq.whatsapp.com\/fr\/web\/26000010\" target=\"_blank\">WhatsApp<\/a>. Ici je mets en avant une appli gratuire que l&rsquo;on peut t\u00e9l\u00e9charger sur son ordi, <a rel=\"noreferrer noopener\" aria-label=\"Discord (s\u2019ouvre dans un nouvel onglet)\" href=\"http:\/\/www.leparisien.fr\/high-tech\/confinement-quand-les-profs-font-cours-sur-discord-l-appli-pour-gamers-18-03-2020-8282739.php\" target=\"_blank\">Discord<\/a>, l&rsquo;application la plus t\u00e9l\u00e9charg\u00e9e en France depuis le confinement, par tous les profs pour leurs \u00e9l\u00e8ves.<\/p>\n\n\n\n<blockquote class=\"wp-block-quote is-layout-flow wp-block-quote-is-layout-flow\"><p><a rel=\"noreferrer noopener\" aria-label=\" (s\u2019ouvre dans un nouvel onglet)\" href=\"https:\/\/discordapp.com\/\" target=\"_blank\">https:\/\/discordapp.com\/<\/a><\/p><cite>Plateforme issue du jeu, elle veut concurrenc\u00e9e Skype. Elle fonctionne comme application ou directement dans le navigateur. C&rsquo;est une plateforme de l&rsquo;univers des jeux que les jeunes utilisent.<\/cite><\/blockquote>\n\n\n\n<h4 class=\"wp-block-heading\">Slack : messagerie d&rsquo;\u00e9quipe<\/h4>\n\n\n\n<blockquote class=\"wp-block-quote is-layout-flow wp-block-quote-is-layout-flow\"><p><a href=\"https:\/\/slack.com\/intl\/fr-fr\/\" target=\"_blank\" rel=\"noreferrer noopener\" aria-label=\" (s\u2019ouvre dans un nouvel onglet)\">https:\/\/slack.com\/intl\/fr-fr\/<\/a><\/p><cite>Messagerie d&rsquo;\u00e9quipe, alternative \u00e0 l&#8217;email, d\u00e9mo :  <a rel=\"noreferrer noopener\" aria-label=\" (s\u2019ouvre dans un nouvel onglet)\" href=\"https:\/\/slackdemo.com\/intl\/fr-fr\/?vst=8ygiexfee4xz1onrx1adbt3r8\" target=\"_blank\">https:\/\/slackdemo.com\/intl\/fr-fr\/?vst=8ygiexfee4xz1onrx1adbt3r8<\/a> , c&rsquo;est payant.<br><\/cite><\/blockquote>\n\n\n\n<hr class=\"wp-block-separator has-css-opacity\"\/>\n\n\n\n<h4 class=\"wp-block-heading\">Trello : conduite de projets<\/h4>\n\n\n\n<blockquote class=\"wp-block-quote is-layout-flow wp-block-quote-is-layout-flow\"><p><a href=\"https:\/\/trello.com\/fr\" target=\"_blank\" rel=\"noreferrer noopener\" aria-label=\" (s\u2019ouvre dans un nouvel onglet)\">https:\/\/trello.com\/fr<\/a><\/p><cite>Conduire ses projets, s&rsquo;organiser, dans le temps et prioriser les activit\u00e9s importantes.  Beaucoup de fonctionnalit\u00e9s \u00e0 explorer et tout \u00e0 fait utilisable dans sa version gratuite. On g\u00e8re des tableaux avec des listes \u00e0 cocher, des activit\u00e9s que l&rsquo;on peut d\u00e9placer, des interactions avec le contenu Google Drive.<\/cite><\/blockquote>\n\n\n\n<h4 class=\"wp-block-heading\">Google Keep : m\u00e9mo<\/h4>\n\n\n\n<blockquote class=\"wp-block-quote is-layout-flow wp-block-quote-is-layout-flow\"><p><a href=\"https:\/\/keep.google.com\/\" target=\"_blank\" rel=\"noreferrer noopener\" aria-label=\" (s\u2019ouvre dans un nouvel onglet)\">https:\/\/keep.google.com\/<\/a><\/p><cite>Un super postits o\u00f9 l&rsquo;on peut \u00e9pingler certaines activit\u00e9s : conduire ses projets, s&rsquo;organiser, dans le temps et prioriser les activit\u00e9s importantes.  <\/cite><\/blockquote>\n\n\n\n<hr class=\"wp-block-separator has-css-opacity\"\/>\n\n\n\n<h4 class=\"wp-block-heading\">Wetransfer : transf\u00e9rer de gros fichiers<\/h4>\n\n\n\n<blockquote class=\"wp-block-quote is-layout-flow wp-block-quote-is-layout-flow\"><p><a href=\"https:\/\/wetransfer.com\/\" target=\"_blank\" rel=\"noreferrer noopener\" aria-label=\" (s\u2019ouvre dans un nouvel onglet)\">https:\/\/wetransfer.com\/<\/a><\/p><cite>Transf\u00e9rer des fichiers jusqu&rsquo;\u00e0 2 gigas. Plusieurs services permettent de le faire. <\/cite><\/blockquote>\n\n\n\n<h4 class=\"wp-block-heading\">Google Drive : bien plus qu&rsquo;un Cloud<\/h4>\n\n\n\n<blockquote class=\"wp-block-quote is-layout-flow wp-block-quote-is-layout-flow\"><p><a href=\"https:\/\/www.google.com\/intl\/fr\/drive\/\" target=\"_blank\" rel=\"noreferrer noopener\" aria-label=\" (s\u2019ouvre dans un nouvel onglet)\">https:\/\/www.google.com\/intl\/fr\/drive\/<\/a><\/p><cite>Google Drive n&rsquo;est pas seulement un Cloud mais il est accompagn\u00e9 de nombreuses applications gratuites pour g\u00e9rer votre quotidien, du traitement de texte en ligne \u00e0 l&rsquo;agenda. C&rsquo;est vraiment \u00e0 explorer.<br><br>D\u00e9couvrir les fonctionnalit\u00e9s de stockage de Google Drive : <a href=\"https:\/\/www.google.com\/intl\/fr_ALL\/drive\/using-drive\/\">https:\/\/www.google.com\/intl\/fr_ALL\/drive\/using-drive\/<\/a> <br><\/cite><\/blockquote>\n\n\n\n<hr class=\"wp-block-separator has-css-opacity\"\/>\n\n\n\n<h4 class=\"wp-block-heading\">Toggl Plan : G\u00e9rer l&#8217;emploi du temps d&rsquo;une \u00e9quipe<\/h4>\n\n\n\n<blockquote class=\"wp-block-quote is-layout-flow wp-block-quote-is-layout-flow\"><p><a href=\"https:\/\/toggl.com\/plan\/\" target=\"_blank\" rel=\"noreferrer noopener\" aria-label=\" (s\u2019ouvre dans un nouvel onglet)\">https:\/\/toggl.com\/plan\/<\/a><\/p><cite>Gestion de l&#8217;emploi du temps d&rsquo;une \u00e9quipe<\/cite><\/blockquote>\n\n\n\n<h4 class=\"wp-block-heading\">Toggl : chronom\u00e9trer son travail<\/h4>\n\n\n\n<blockquote class=\"wp-block-quote is-layout-flow wp-block-quote-is-layout-flow\"><p><a href=\"https:\/\/toggl.com\/\" target=\"_blank\" rel=\"noreferrer noopener\" aria-label=\" (s\u2019ouvre dans un nouvel onglet)\">https:\/\/toggl.com\/<\/a><\/p><cite>Chronom\u00e9trer ses activit\u00e9s, travailler en temps limit\u00e9, et donc conserver une bonne productivit\u00e9.<\/cite><\/blockquote>\n\n\n\n<hr class=\"wp-block-separator has-css-opacity\"\/>\n\n\n\n<h4 class=\"wp-block-heading\">MindMeister : le meilleur outil de cartes mentales<\/h4>\n\n\n\n<blockquote class=\"wp-block-quote is-layout-flow wp-block-quote-is-layout-flow\"><p><a href=\"https:\/\/www.mindmeister.com\/folders\" target=\"_blank\" rel=\"noreferrer noopener\" aria-label=\" (s\u2019ouvre dans un nouvel onglet)\">https:\/\/www.mindmeister.com\/folders<\/a><\/p><cite>Cr\u00e9er des cartes mentales collaboratives. On y trouve \u00e9galement des cartes d\u00e9j\u00e0 r\u00e9alis\u00e9es et tr\u00e8s instructives. Il existe beaucoup de services en ligne pour cr\u00e9er des cartes mentales, celui l\u00e0 n&rsquo;est pas le plus simple mais le plus professionnel.<\/cite><\/blockquote>\n\n\n\n<hr class=\"wp-block-separator has-css-opacity\"\/>\n\n\n\n<h4 class=\"wp-block-heading\">Services collaboratifs en ligne Framasoft : simples <\/h4>\n\n\n\n<p>Parmi les outils du site d\u00e9di\u00e9 aux logiciels libres <a rel=\"noreferrer noopener\" aria-label=\"Framasoft (s\u2019ouvre dans un nouvel onglet)\" href=\"https:\/\/framasoft.org\/fr\/\" target=\"_blank\">Framasoft<\/a>, on trouve un onglet services libres : pour partager le service il suffit de donner une adresse internet sur laquelle tout le monde peut se connecter et intervenir collaborativement.<\/p>\n\n\n\n<blockquote class=\"wp-block-quote is-layout-flow wp-block-quote-is-layout-flow\"><p><a href=\"https:\/\/framapad.org\/fr\/\">https:\/\/framapad.org\/fr\/<\/a><\/p><cite>Simplement travailler en collaboration sur la m\u00eame page d&rsquo;\u00e9criture (traitement de texte). Chaque utilisateur est repr\u00e9sent\u00e9 par une couleur diff\u00e9rente et peut chatter.<\/cite><\/blockquote>\n\n\n\n<blockquote class=\"wp-block-quote is-layout-flow wp-block-quote-is-layout-flow\"><p><a href=\"https:\/\/accueil.framacalc.org\/fr\/\">https:\/\/accueil.framacalc.org\/fr\/<\/a><\/p><cite>Travailler en collaboratif toujours mais sur la m\u00eame grille de tableur pr\u00e9snete dans un lien internet. Certes ce n&rsquo;est pas Excel mais pour regrouper des informations en commun c&rsquo;est vraiment pratique.<\/cite><\/blockquote>\n\n\n\n<blockquote class=\"wp-block-quote is-layout-flow wp-block-quote-is-layout-flow\"><p><a href=\"https:\/\/framaestro.org\/\">https:\/\/framaestro.org\/<\/a><\/p><cite>On peut avec <strong>Framaestro<\/strong> cr\u00e9er un projet qui incluent plusieurs m\u00e9dias.<\/cite><\/blockquote>\n\n\n\n<hr class=\"wp-block-separator has-css-opacity\"\/>\n\n\n\n<h4 class=\"wp-block-heading\">Framemo : tableau simple<\/h4>\n\n\n\n<blockquote class=\"wp-block-quote is-layout-flow wp-block-quote-is-layout-flow\"><p><a href=\"https:\/\/framemo.org\/\">https:\/\/framemo.org\/<\/a><\/p><cite>un tableau simple partageable en collaboratif \u00e0 partir d&rsquo;une URL d&rsquo;une adresse dans un navigateur. Attention le service dispara\u00eetra le 11 janvier 2021.<\/cite><\/blockquote>\n\n\n\n<h4 class=\"wp-block-heading\">Linoit : un tableau en li\u00e8ge partag\u00e9 sur mon navigateur<\/h4>\n\n\n\n<blockquote class=\"wp-block-quote is-layout-flow wp-block-quote-is-layout-flow\"><p><a href=\"http:\/\/linoit.com\/\">http:\/\/linoit.com\/<\/a><\/p><cite>On peut faire diff\u00e9rentes \u00ab\u00a0toiles\u00a0\u00bb publics ou non pour afficher  des \u00e9l\u00e9ments visuels sur un tableau virtuel.<\/cite><\/blockquote>\n\n\n\n<h4 class=\"wp-block-heading\">Slides : du Powerpoint mais en ligne<\/h4>\n\n\n\n<blockquote class=\"wp-block-quote is-layout-flow wp-block-quote-is-layout-flow\"><p><a href=\"https:\/\/slides.com\/\">https:\/\/slides.com\/<\/a><\/p><cite>Faire de simples pr\u00e9sentations comme dans Powerpoint et les int\u00e9grer \u00e0 son site.<\/cite><\/blockquote>\n\n\n\n<hr class=\"wp-block-separator has-css-opacity\"\/>\n\n\n\n<h4 class=\"wp-block-heading\">Kahoot : cr\u00e9er des questionnaires en ligne<\/h4>\n\n\n\n<blockquote class=\"wp-block-quote is-layout-flow wp-block-quote-is-layout-flow\"><p><a href=\"https:\/\/kahoot.com\/\">https:\/\/kahoot.com\/<\/a><\/p><cite>Faire des questionnaires en ligne<\/cite><\/blockquote>\n\n\n\n<blockquote class=\"wp-block-quote is-layout-flow wp-block-quote-is-layout-flow\"><p><a href=\"https:\/\/www.formateurduweb.fr\/comment-creer-et-animer-une-evaluation-interactive-avec-kahoot\/\">https:\/\/www.formateurduweb.fr\/comment-creer-et-animer-une-evaluation-interactive-avec-kahoot\/<\/a><\/p><cite>Article pour s&rsquo;aider avec Kahoot<\/cite><\/blockquote>\n\n\n\n<hr class=\"wp-block-separator has-css-opacity\"\/>\n\n\n\n<h4 class=\"wp-block-heading\">Pinterest : des images de partout rang\u00e9es dans des tableaux<\/h4>\n\n\n\n<p>Pinterest ne sert pas qu&rsquo;aux cr\u00e9atifs visuels on peut y collecter toutes sortes d&rsquo;images. On cr\u00e9e un tableau sur un th\u00e8me et le logiciel nous sugg\u00e8rent d&rsquo;autres choix pour compl\u00e9ter le tableau. <\/p>\n\n\n\n<blockquote class=\"wp-block-quote is-layout-flow wp-block-quote-is-layout-flow\"><p><a href=\"https:\/\/www.pinterest.fr\/\">https:\/\/www.pinterest.fr\/<\/a><\/p><cite>S&rsquo;inscrire et lancer quelques recherches pour amorcer les choix qui seront propos\u00e9s.<\/cite><\/blockquote>\n\n\n\n<p>Vous pouvez vous abonnez \u00e0 mon Pinterest orient\u00e9 sur le Sketchnoting et les CVs.<\/p>\n\n\n\n<a href=\"https:\/\/www.pinterest.fr\/neslervincent\/\" class=\"wp-block-jetpack-pinterest\">https:\/\/www.pinterest.fr\/neslervincent\/<\/a>\n","protected":false},"excerpt":{"rendered":"<p>Un t\u00e9l\u00e9travailleur est souvent seul, il doit g\u00e9rer son propre temps de production et avoir plusieurs logiciels ouverts simultan\u00e9ment. Il &hellip; <a href=\"http:\/\/deloin.fr\/blog\/les-outils-pour-le-teletravail\/\" class=\"more-link\">Continuer la lecture<span class=\"screen-reader-text\"> de &laquo;&nbsp;Des outils pour le t\u00e9l\u00e9travail&nbsp;&raquo;<\/span><\/a><\/p>\n","protected":false},"author":1,"featured_media":0,"parent":0,"menu_order":0,"comment_status":"closed","ping_status":"closed","template":"","meta":{"_bbp_topic_count":0,"_bbp_reply_count":0,"_bbp_total_topic_count":0,"_bbp_total_reply_count":0,"_bbp_voice_count":0,"_bbp_anonymous_reply_count":0,"_bbp_topic_count_hidden":0,"_bbp_reply_count_hidden":0,"_bbp_forum_subforum_count":0,"footnotes":""},"class_list":["post-998","page","type-page","status-publish","hentry"],"_links":{"self":[{"href":"http:\/\/deloin.fr\/blog\/wp-json\/wp\/v2\/pages\/998","targetHints":{"allow":["GET"]}}],"collection":[{"href":"http:\/\/deloin.fr\/blog\/wp-json\/wp\/v2\/pages"}],"about":[{"href":"http:\/\/deloin.fr\/blog\/wp-json\/wp\/v2\/types\/page"}],"author":[{"embeddable":true,"href":"http:\/\/deloin.fr\/blog\/wp-json\/wp\/v2\/users\/1"}],"replies":[{"embeddable":true,"href":"http:\/\/deloin.fr\/blog\/wp-json\/wp\/v2\/comments?post=998"}],"version-history":[{"count":44,"href":"http:\/\/deloin.fr\/blog\/wp-json\/wp\/v2\/pages\/998\/revisions"}],"predecessor-version":[{"id":1529,"href":"http:\/\/deloin.fr\/blog\/wp-json\/wp\/v2\/pages\/998\/revisions\/1529"}],"wp:attachment":[{"href":"http:\/\/deloin.fr\/blog\/wp-json\/wp\/v2\/media?parent=998"}],"curies":[{"name":"wp","href":"https:\/\/api.w.org\/{rel}","templated":true}]}}